 443152976?
6
What is the millions digit of 2078148298?
8
What is the tens digit of 891905477?
7
What is the ten thousands digit of 293064970?
6
What is the tens digit of 289857934?
3
What is the millions digit of 66262211?
6
What is the ten thousands digit of 10469182?
6
What is the tens digit of 564368?
6
What is the thousands digit of 29259724?
9
What is the tens digit of 2177829962?
6
What is the ten millions digit of 2725613520?
2
What is the thousands digit of 1036592837?
2
What is the thousands digit of 1746333538?
3
What is the ten thousands digit of 887470118?
7
What is the hundred thousands digit of 8269521?
2
What is the thousands digit of 39095830?
5
What is the units digit of 494577121?
1
What is the ten thousands digit of 39360861?
6
What is the hundreds digit of 7086798746?
7
What is the units digit of 710998934?
4
What is the ten thousands digit of 199430489?
3
What is the hundreds digit of 321540755?
7
What is the hundred millions digit of 358397117?
3
What is the ten millions digit of 44366336?
4
What is the hundred thousands digit of 199866116?
8
What is the tens digit of 1823324451?
5
What is the ten thousands digit of 1666786777?
8
What is the ten millions digit of 102435674?
0
What is the thousands digit of 51227381?
7
What is the tens digit of 916820550?
5
What is the units digit of 847590475?
5
What is the units digit of 141042902?
2
What is the ten millions digit of 836085095?
3
What is the units digit of 263496470?
0
What is the ten thousands digit of 3600438498?
3
What is the millions digit of 781414786?
1
What is the hundreds digit of 634991289?
2
What is the thousands digit of 301616677?
6
What is the ten thousands digit of 4586879804?
7
What is the millions digit of 146401865?
6
What is the thousands digit of 365649118?
9
What is the hundred millions digit of 144301176?
1
What is the thousands digit of 14970976?
0
What is the tens digit of 529208023?
2
What is the billions digit of 5441629822?
5
What is the tens digit of 2633868205?
0
What is the ten millions digit of 72256036?
7
What is the billions digit of 1006946178?
1
What is the ten thousands digit of 41585827?
8
What is the hundred millions digit of 741599523?
7
What is the hundred millions digit of 5969925675?
9
What is the ten millions digit of 123638115?
2
What is the tens digit of 2525707?
0
What is the hundreds digit of 40596382?
3
What is the ten millions digit of 36675706?
3
What is the ten millions digit of 328279122?
2
What is the tens digit of 964811241?
4
What is the hundred millions digit of 652781670?
6
What is the ten thousands digit of 81089869?
8
What is the units digit of 72454350?
0
What is the thousands digit of 4529643995?
3
What is the hundred millions digit of 182206410?
1
What is the ten millions digit of 796580224?
9
What is the hundred millions digit of 1984364218?
9
What is the units digit of 18362663?
3
What is the hundred thousands digit of 429447638?
4
What is the ten millions digit of 123041571?
2
What is the thousands digit of 7783372904?
2
What is the hundreds digit of 1371578216?
2
What is the ten thousands digit of 1130832135?
3
What is the thousands digit of 85262277?
2
What is the thousands digit of 26410121?
0
What is the tens digit of 1928147695?
9
What is the hundred thousands digit of 1444520397?
5
What is the units digit of 7346000?
0
What is the units digit of 27145078?
8
What is the units digit of 62611883?
3
What is the ten thousands digit of 64728054?
2
What is the hundreds digit of 166315911?
9
What is the hundreds digit of 1481767926?
9
What is the ten thousands digit of 5799560?
9
What is the hundred millions digit of 129236311?
1
What is the millions digit of 70994951?
0
What is the tens digit of 14042869?
6
What is the hundred millions digit of 598942519?
5
What is the hundreds digit of 114548186?
1
What is the hundreds digit of 6321773?
7
What is the millions digit of 173548233?
3
What is the thousands digit of 1017653297?
3
What is the ten millions digit of 176659920?
7
What is the thousands digit of 2477543086?
3
What is the hundred millions digit of 935119980?
9
What is the ten thousands digit of 52435862?
3
What is the thousands digit of 95020003?
0
What is the hundreds digit of 1020950917?
9
What is the hundred thousands digit of 33717516?
7
What is the units digit of 47376146?
6
What is the millions digit of 926414415?
6
What is the millions digit of 164271339?
4
What is the ten thousands digit of 2443780157?
8
What is the tens digit of 9189641?
4
What is the hundreds digit of 33878404?
4
What is the tens digit of 85664413?
1
What is the hundred thousands digit of 494434672?
4
What is the thousands digit of 153103925?
3
What is the hundreds digit of 993368846?
8
What is the tens digit of 290543887?
8
What is the ten millions digit of 186844246?
8
What is the thousands digit of 556973920?
3
What is the hundreds digit of 10542256?
2
What is the hundreds digit of 89921255?
2
What is the ten thousands digit of 20012996?
1
What is the tens digit of 66362073?
7
What is the units digit of 205116249?
9
What is the units digit of 325701122?
2
What is the hundreds digit of 251111960?
9
What is the tens digit of 3170452056?
5
What is the units digit of 126474114?
4
What is the hundred millions digit of 2011987312?
0
What is the ten millions digit of 2233856026?
3
What is the hundred thousands digit of 165779356?
7
What is the ten millions digit of 819044445?
1
What is the thousands digit of 363863456?
3
What is the thousands digit of 3885047613?
7
What is the hundred thousands digit of 12822663?
8
What is the hundred millions digit of 533235311?
5
What is the hundreds digit of 81464511?
5
What is the thousands digit of 3835105194?
5
What is the ten millions digit of 670685918?
7
What is the millions digit of 920415370?
0
What is the hundreds digit of 40461953?
9
What is the billions digit of 1438502885?
1
What is the millions digit of 98722279?
8
What is the hundreds digit of 1160722899?
8
What is the units digit of 74223685?
5
What is the tens digit of 440667881?
8
What is the millions digit of 137838133?
7
What is the units digit of 321441719?
9
What is the hundred millions digit of 131463033?
1
What is the millions digit of 61135750?
1
What is the thousands digit of 1037565653?
5
What is the millions digit of 535625894?
5
What is the billions digit of 3774185469?
3
What is the thousands digit of 696277907?
7
What is the thousands digit of 6685048295?
8
What is the tens digit of 840369347?
4
What is the hundreds digit of 4052058461?
4
What is the units digit of 19073803?
3
What is the millions digit of 832161055?
2
What is the ten thousands digit of 879697108?
9
What is the hundred millions digit of 1061023354?
0
What is the millions digit of 6764632667?
4
What is the hundreds digit of 701167313?
3
What is the hundred millions digit of 760629491?
7
What is the units digit of 980972477?
7
What is the thousands digit of 15769396?
9
What is the ten millions digit of 689164992?
8
What is the tens digit of 58692360?
6
What is the tens digit of 1264058797?
9
What is the units digit of 34492647?
7
What is the millions digit of 52338534?
2
What is the ten thousands digit of 807663265?
6
What is the hundreds digit of 44059069?
0
What is the hundred millions digit of 1190347625?
1
What is the ten millions digit of 51133645?
5
What is the millions digit of 5412138331?
2
What is the hundred millions digit of 309230767?
3
What is the ten millions digit of 918840516?
1
What is the hundred thousands digit of 1053860756?
8
What is the ten millions digit of 191851466?
9
What is the millions digit of 189755625?
9
What is the thousands digit of 32731821?
1
What is the tens digit of 4931742129?
2
What is the millions digit of 13995318?
3
What is the ten millions digit of 1814403226?
1
What is the hundred thousands digit of 332604974?
6
What is the ten millions digit of 917486577?
1
What is the hundreds digit of 24949648?
6
What is the hundred millions digit of 101085898?
1
What is the units digit of 167440743?
3
What is the hundred thousands digit of 212023810?
0
What is the hundred thousands digit of 454614942?
6
What is the millions digit of 1691335220?
1
What is the thousands digit of 129232230?
2
What is the tens digit o